{"id":1443,"date":"2024-10-13T16:06:36","date_gmt":"2024-10-13T14:06:36","guid":{"rendered":"https:\/\/greenandcraft.com\/?page_id=1443"},"modified":"2024-10-13T17:33:41","modified_gmt":"2024-10-13T15:33:41","slug":"intactilis","status":"publish","type":"page","link":"https:\/\/greenandcraft.com\/index.php\/intactilis\/","title":{"rendered":"Intactilis-Ich"},"content":{"rendered":"\n<p><a href=\"https:\/\/intactilis-ich.weebly.com\/\">Intactilis<\/a> is a multinational group with passion &amp; commitment for intangible cultural heritage<\/p>\n\n\n\n<p><strong>Members<\/strong> <\/p>\n\n\n\n<p>Agnieszka (Agnes) PAWLOWSKA-MAINVILLE, Canada<\/p>\n\n\n\n<p>Catherine VIRASSAMY, France<\/p>\n\n\n\n<p>Carla Maurano, Italy<\/p>\n\n\n\n<p>Graciela Aurora MOTA BOTELLO, Mexico<\/p>\n\n\n\n<p>Hee Sook LEE-NIINIOJA, Cor\u00e9e \/ Finland<\/p>\n\n\n\n<p>Junjie SU, China<\/p>\n\n\n\n<p>Monica ALCINDOR, Portugal<\/p>\n\n\n\n<p>Mrinalini ATREY, India<\/p>\n\n\n\n<p>Raul Enrique RIVERO CANTO, Mexico<\/p>\n\n\n\n<p><strong>EVENT \/ ONLINE PRESENTATION<\/strong><\/p>\n\n\n\n<p><strong>2024<\/strong><\/p>\n\n\n\n<p>Hee Sook Lee-Niinioja, (In)Tangibility of shared sacred space in Buddhist Christian and Islamic architecture&nbsp;<\/p>\n\n\n\n<p>Ra\u00fal Rivero, Urban development versus ICH in M\u00e9rida, Yucat\u00e1n<\/p>\n\n\n\n<p>Carla Maurano, Climate change and conservation of ICH in Italy: the importance of knowledge and awareness of traditional \u00ab\u00a0Values\u00a0\u00bb<\/p>\n\n\n\n<p>Mrinalini Atrey, Redefining pilgrimage: A case study of Vaishno Devi Shrine in Jammu Region<\/p>\n\n\n\n<p>Junjie Su, The intangible cultural heritage museums in China<\/p>\n\n\n\n<p>Graciela Mota, \u00bfWhere is the sense of the place?<\/p>\n\n\n\n<p>Catherine Virassamy, Social and cultural practices of bistros in France<\/p>\n\n\n\n<p><strong>2023<\/strong><\/p>\n\n\n\n<p>Catherine, France (Ecotourism, a lever for ICH transmission)<\/p>\n\n\n\n<p>Carla, Italy (Linking tangible and intangible heritage in cultural landscape)<\/p>\n\n\n\n<p>\u200b\u200b\u200bAgnes,&nbsp;Canada (ICH and sustainable livelihoods and\/or moving beyond the Convention)<\/p>\n\n\n\n<p>Raul, Mexico (Intangible cultural heritage of a sacred Mayan city: Izamal)<\/p>\n\n\n\n<p>Junjie, China (Livestreaming ICH in China)<\/p>\n\n\n\n<p>Graciela, Mexico (The spirit of the place in heritage local and original public places)&nbsp;<\/p>\n\n\n\n<p>Mrinalini, India (The folk deity cult of Jammu region)<\/p>\n\n\n\n<p>Hee Sook, Finlad (Temporal spirituality in the passing gates of Korean Sansa temples and its lantern lighting ritual)<\/p>\n\n\n\n<p><strong>2022<br><\/strong><br><a href=\"https:\/\/intactilis-ich.weebly.com\/uploads\/3\/0\/8\/7\/30872553\/intactilis_ich_presentation_2022__hee_sook_.pdf\">Hee Sook,<\/a> Norway (Liminality between tangibility and intangibility: Admiral Yi&rsquo;s Legacy in Korea)<\/p>\n\n\n\n<p><a href=\"https:\/\/intactilis-ich.weebly.com\/uploads\/3\/0\/8\/7\/30872553\/intactilis_ich_presentation_2022__raul_.pdf\">Raul<\/a>, Mexico (A changing intangible heritage: the celebration of the D\u00eda de Muertos in the Mexican Caribbean<\/p>\n\n\n\n<p><a href=\"https:\/\/intactilis-ich.weebly.com\/uploads\/3\/0\/8\/7\/30872553\/intactilis_ich_presentation_2022__graciela_.pdf\">Graciela<\/a><a href=\"https:\/\/we.tl\/t-XPQsQNTCUe\" target=\"_blank\" rel=\"noreferrer noopener\">, Mexico (The city of knowledge wisdom and PCI perspectives)<\/a><a href=\"https:\/\/intactilis-ich.weebly.com\/uploads\/3\/0\/8\/7\/30872553\/intactilis_ich_presentation_2022__junjie_.pdf\">Junjie<\/a>, China (The protection and promotion of intangible cultural heritage in China)<\/p>\n\n\n\n<p><a href=\"https:\/\/intactilis-ich.weebly.com\/uploads\/3\/0\/8\/7\/30872553\/intactilis_ich_presentation_series__2022__monica_.pdf\">Monica<\/a>, Portugal (Transmitting culture through building systems )<\/p>\n\n\n\n<p><a href=\"https:\/\/intactilis-ich.weebly.com\/uploads\/3\/0\/8\/7\/30872553\/intactilis_ich_presentation_2022__mrinalini_.pdf\">Mrinalini<\/a>, India (Intangible cultural heritage and women narratives: A case study of Jammu region, India)<\/p>\n\n\n\n<p><\/p>\n","protected":false},"excerpt":{"rendered":"<p>Intactilis is a multinational group with passion &amp; commitment for intangible cultural heritage Members Agnieszka (Agnes) PAWLOWSKA-MAINVILLE, Canada Catherine VIRASSAMY, France Carla Maurano, Italy Graciela Aurora MOTA BOTELLO, Mexico Hee Sook LEE-NIINIOJA, Cor\u00e9e \/ Finland Junjie SU, China Monica ALCINDOR, Portugal Mrinalini ATREY, India Raul Enrique RIVERO CANTO, Mexico EVENT \/ ONLINE PRESENTATION 2024 Hee &hellip; <\/p>\n<p class=\"link-more\"><a href=\"https:\/\/greenandcraft.com\/index.php\/intactilis\/\" class=\"more-link\">Continuer la lecture<span class=\"screen-reader-text\"> de &laquo;&nbsp;Intactilis-Ich&nbsp;&raquo;<\/span><\/a><\/p>\n","protected":false},"author":1,"featured_media":1444,"parent":0,"menu_order":0,"comment_status":"closed","ping_status":"closed","template":"","meta":{"footnotes":""},"class_list":["post-1443","page","type-page","status-publish","has-post-thumbnail","hentry"],"_links":{"self":[{"href":"https:\/\/greenandcraft.com\/index.php\/wp-json\/wp\/v2\/pages\/1443","targetHints":{"allow":["GET"]}}],"collection":[{"href":"https:\/\/greenandcraft.com\/index.php\/wp-json\/wp\/v2\/pages"}],"about":[{"href":"https:\/\/greenandcraft.com\/index.php\/wp-json\/wp\/v2\/types\/page"}],"author":[{"embeddable":true,"href":"https:\/\/greenandcraft.com\/index.php\/wp-json\/wp\/v2\/users\/1"}],"replies":[{"embeddable":true,"href":"https:\/\/greenandcraft.com\/index.php\/wp-json\/wp\/v2\/comments?post=1443"}],"version-history":[{"count":3,"href":"https:\/\/greenandcraft.com\/index.php\/wp-json\/wp\/v2\/pages\/1443\/revisions"}],"predecessor-version":[{"id":1454,"href":"https:\/\/greenandcraft.com\/index.php\/wp-json\/wp\/v2\/pages\/1443\/revisions\/1454"}],"wp:featuredmedia":[{"embeddable":true,"href":"https:\/\/greenandcraft.com\/index.php\/wp-json\/wp\/v2\/media\/1444"}],"wp:attachment":[{"href":"https:\/\/greenandcraft.com\/index.php\/wp-json\/wp\/v2\/media?parent=1443"}],"curies":[{"name":"wp","href":"https:\/\/api.w.org\/{rel}","templated":true}]}}